{"version":"1.0","provider_name":"efb.fr","provider_url":"https:\/\/wpvit.efb.fr","author_name":"wordpress_adm","author_url":"https:\/\/wpvit.efb.fr\/index.php\/author\/wordpress_adm\/","title":"10\u00e8me \u00e9dition du Pitch Day du LAB EFB - efb.fr","type":"rich","width":600,"height":338,"html":"<blockquote class=\"wp-embedded-content\" data-secret=\"HEFsPn5zaN\"><a href=\"https:\/\/wpvit.efb.fr\/index.php\/10eme-edition-du-pitch-day-du-lab-efb\/\">10\u00e8me \u00e9dition du Pitch Day du LAB EFB<\/a><\/blockquote><iframe sandbox=\"allow-scripts\" security=\"restricted\" src=\"https:\/\/wpvit.efb.fr\/index.php\/10eme-edition-du-pitch-day-du-lab-efb\/embed\/#?secret=HEFsPn5zaN\" width=\"600\" height=\"338\" title=\"\u00ab\u00a010\u00e8me \u00e9dition du Pitch Day du LAB EFB\u00a0\u00bb &#8212; efb.fr\" data-secret=\"HEFsPn5zaN\" frameborder=\"0\" marginwidth=\"0\" marginheight=\"0\" scrolling=\"no\" class=\"wp-embedded-content\"><\/iframe><script>\n\/*! This file is auto-generated *\/\n!function(d,l){\"use strict\";l.querySelector&&d.addEventListener&&\"undefined\"!=typeof URL&&(d.wp=d.wp||{},d.wp.receiveEmbedMessage||(d.wp.receiveEmbedMessage=function(e){var t=e.data;if((t||t.secret||t.message||t.value)&&!\/[^a-zA-Z0-9]\/.test(t.secret)){for(var s,r,n,a=l.querySelectorAll('iframe[data-secret=\"'+t.secret+'\"]'),o=l.querySelectorAll('blockquote[data-secret=\"'+t.secret+'\"]'),c=new RegExp(\"^https?:$\",\"i\"),i=0;i<o.length;i++)o[i].style.display=\"none\";for(i=0;i<a.length;i++)s=a[i],e.source===s.contentWindow&&(s.removeAttribute(\"style\"),\"height\"===t.message?(1e3<(r=parseInt(t.value,10))?r=1e3:~~r<200&&(r=200),s.height=r):\"link\"===t.message&&(r=new URL(s.getAttribute(\"src\")),n=new URL(t.value),c.test(n.protocol))&&n.host===r.host&&l.activeElement===s&&(d.top.location.href=t.value))}},d.addEventListener(\"message\",d.wp.receiveEmbedMessage,!1),l.addEventListener(\"DOMContentLoaded\",function(){for(var e,t,s=l.querySelectorAll(\"iframe.wp-embedded-content\"),r=0;r<s.length;r++)(t=(e=s[r]).getAttribute(\"data-secret\"))||(t=Math.random().toString(36).substring(2,12),e.src+=\"#?secret=\"+t,e.setAttribute(\"data-secret\",t)),e.contentWindow.postMessage({message:\"ready\",secret:t},\"*\")},!1)))}(window,document);\n\/\/# sourceURL=https:\/\/wpvit.efb.fr\/wp-includes\/js\/wp-embed.min.js\n<\/script>\n","thumbnail_url":"https:\/\/wpvit.efb.fr\/wp-content\/uploads\/2025\/12\/processed-0584CC73-104E-45B2-9930-C26DB37184AF.jpeg","thumbnail_width":2420,"thumbnail_height":1816,"description":"Ce jeudi 4 d\u00e9cembre avait lieu la 10e \u00e9dition du Pitch Day qui s\u2019est d\u00e9roul\u00e9e chez Google ! Cinq \u00e9quipes d\u2019\u00e9l\u00e8ves avocats du Lab EFB ont pr\u00e9sent\u00e9 leurs projets devant le jury compos\u00e9 de : Chrystel Faure \u2013 Directrice du d\u00e9veloppement march\u00e9 secteur public et acad\u00e9mique chez LexisNexis France, Sophie Julien \u2013 Directrice de l\u2019observatoire du Conseil national des barreaux, Xavier Polidoro \u2013 Legal counsel chez Google, Eleonore Zahlen \u2013 Avocate et fondateur du cabinet Bold et Salma Vasegh \u2013 Laur\u00e9ate de la 9e \u00e9dition du Pitch Day. Le Grand Prix du Jury a \u00e9t\u00e9 d\u00e9cern\u00e9 \u00e0 l\u2019\u00e9quipe BRIDGENESS (Elsa Fritz, Vincent Canda, Julia Dumontet et Jos\u00e9phine Kinavuidi) pour leur projet \u00ab&nbsp;the bridge to business&nbsp;\u00bb, une plateforme d&rsquo;accompagnement pour les entrepreneurs \u00e9trangers. Le Prix du Public LexisNexis a lui \u00e9t\u00e9 remport\u00e9 par l\u2019\u00e9quipe SMART MUTUELLE (Ombeline Dupouy, Mathis Amato, Tobias Faber, Lauryn Bruni et Margot Chakoub) qui a pr\u00e9sent\u00e9 une solution d&rsquo;analyse des contrats de mutuelle de start-uppers non-salari\u00e9s. &nbsp; \ud83c\udf78 La soir\u00e9e s\u2019est conclue par une remise des prix suivie d\u2019un moment convivial autour d\u2019un cocktail. \ud83e\udd1d Enfin, nous tenons \u00e0 remercier notre fid\u00e8le partenaire LexisNexis France pour son soutien dans l\u2019organisation de ces Pitchs Days ainsi que Fabien Masson \u2013 Responsable du Lab EFB."}

10ème édition du Pitch Day du LAB EFB - efb.fr

<blockquote class="wp-embedded-content" data-secret="HEFsPn5zaN"><a href="https://wpvit.efb.fr/index.php/10eme-edition-du-pitch-day-du-lab-efb/">10ème édition du Pitch Day du LAB EFB</a></blockquote><iframe sandbox="allow-scripts" security="restricted" src="https://wpvit.efb.fr/index.php/10eme-edition-du-pitch-day-du-lab-efb/embed/#?secret=HEFsPn5zaN" width="600" height="338" title="« 10ème édition du Pitch Day du LAB EFB » &#8212; efb.fr" data-secret="HEFsPn5zaN" frameborder="0" marginwidth="0" marginheight="0" scrolling="no" class="wp-embedded-content"></iframe><script>
/*! This file is auto-generated */
!function(d,l){"use strict";l.querySelector&&d.addEventListener&&"undefined"!=typeof URL&&(d.wp=d.wp||{},d.wp.receiveEmbedMessage||(d.wp.receiveEmbedMessage=function(e){var t=e.data;if((t||t.secret||t.message||t.value)&&!/[^a-zA-Z0-9]/.test(t.secret)){for(var s,r,n,a=l.querySelectorAll('iframe[data-secret="'+t.secret+'"]'),o=l.querySelectorAll('blockquote[data-secret="'+t.secret+'"]'),c=new RegExp("^https?:$","i"),i=0;i<o.length;i++)o[i].style.display="none";for(i=0;i<a.length;i++)s=a[i],e.source===s.contentWindow&&(s.removeAttribute("style"),"height"===t.message?(1e3<(r=parseInt(t.value,10))?r=1e3:~~r<200&&(r=200),s.height=r):"link"===t.message&&(r=new URL(s.getAttribute("src")),n=new URL(t.value),c.test(n.protocol))&&n.host===r.host&&l.activeElement===s&&(d.top.location.href=t.value))}},d.addEventListener("message",d.wp.receiveEmbedMessage,!1),l.addEventListener("DOMContentLoaded",function(){for(var e,t,s=l.querySelectorAll("iframe.wp-embedded-content"),r=0;r<s.length;r++)(t=(e=s[r]).getAttribute("data-secret"))||(t=Math.random().toString(36).substring(2,12),e.src+="#?secret="+t,e.setAttribute("data-secret",t)),e.contentWindow.postMessage({message:"ready",secret:t},"*")},!1)))}(window,document);
//# sourceURL=https://wpvit.efb.fr/wp-includes/js/wp-embed.min.js
</script>

Ce jeudi 4 décembre avait lieu la 10e édition du Pitch Day qui s’est déroulée chez Google ! Cinq équipes d’élèves avocats du Lab EFB ont présenté leurs projets devant le jury composé de : Chrystel Faure – Directrice du développement marché secteur public et académique chez LexisNexis France, Sophie Julien – Directrice de l’observatoire du Conseil national des barreaux, Xavier Polidoro – Legal counsel chez Google, Eleonore Zahlen – Avocate et fondateur du cabinet Bold et Salma Vasegh – Lauréate de la 9e édition du Pitch Day. Le Grand Prix du Jury a été décerné à l’équipe BRIDGENESS (Elsa Fritz, Vincent Canda, Julia Dumontet et Joséphine Kinavuidi) pour leur projet «&nbsp;the bridge to business&nbsp;», une plateforme d&rsquo;accompagnement pour les entrepreneurs étrangers. Le Prix du Public LexisNexis a lui été remporté par l’équipe SMART MUTUELLE (Ombeline Dupouy, Mathis Amato, Tobias Faber, Lauryn Bruni et Margot Chakoub) qui a présenté une solution d&rsquo;analyse des contrats de mutuelle de start-uppers non-salariés. &nbsp; 🍸 La soirée s’est conclue par une remise des prix suivie d’un moment convivial autour d’un cocktail. 🤝 Enfin, nous tenons à remercier notre fidèle partenaire LexisNexis France pour son soutien dans l’organisation de ces Pitchs Days ainsi que Fabien Masson – Responsable du Lab EFB.
