{"version":"1.0","provider_name":"efb.fr","provider_url":"https:\/\/wpvit.efb.fr","author_name":"wordpress_adm","author_url":"https:\/\/wpvit.efb.fr\/index.php\/author\/wordpress_adm\/","title":"La 6\u00e8me \u00e9dition du Pitch Day - efb.fr","type":"rich","width":600,"height":338,"html":"<blockquote class=\"wp-embedded-content\" data-secret=\"eApfaNjluJ\"><a href=\"https:\/\/wpvit.efb.fr\/index.php\/13-decembre-6eme-edition-du-pitch-day\/\">La 6\u00e8me \u00e9dition du Pitch Day<\/a><\/blockquote><iframe sandbox=\"allow-scripts\" security=\"restricted\" src=\"https:\/\/wpvit.efb.fr\/index.php\/13-decembre-6eme-edition-du-pitch-day\/embed\/#?secret=eApfaNjluJ\" width=\"600\" height=\"338\" title=\"\u00ab\u00a0La 6\u00e8me \u00e9dition du Pitch Day\u00a0\u00bb &#8212; efb.fr\" data-secret=\"eApfaNjluJ\" frameborder=\"0\" marginwidth=\"0\" marginheight=\"0\" scrolling=\"no\" class=\"wp-embedded-content\"><\/iframe><script>\n\/*! This file is auto-generated *\/\n!function(d,l){\"use strict\";l.querySelector&&d.addEventListener&&\"undefined\"!=typeof URL&&(d.wp=d.wp||{},d.wp.receiveEmbedMessage||(d.wp.receiveEmbedMessage=function(e){var t=e.data;if((t||t.secret||t.message||t.value)&&!\/[^a-zA-Z0-9]\/.test(t.secret)){for(var s,r,n,a=l.querySelectorAll('iframe[data-secret=\"'+t.secret+'\"]'),o=l.querySelectorAll('blockquote[data-secret=\"'+t.secret+'\"]'),c=new RegExp(\"^https?:$\",\"i\"),i=0;i<o.length;i++)o[i].style.display=\"none\";for(i=0;i<a.length;i++)s=a[i],e.source===s.contentWindow&&(s.removeAttribute(\"style\"),\"height\"===t.message?(1e3<(r=parseInt(t.value,10))?r=1e3:~~r<200&&(r=200),s.height=r):\"link\"===t.message&&(r=new URL(s.getAttribute(\"src\")),n=new URL(t.value),c.test(n.protocol))&&n.host===r.host&&l.activeElement===s&&(d.top.location.href=t.value))}},d.addEventListener(\"message\",d.wp.receiveEmbedMessage,!1),l.addEventListener(\"DOMContentLoaded\",function(){for(var e,t,s=l.querySelectorAll(\"iframe.wp-embedded-content\"),r=0;r<s.length;r++)(t=(e=s[r]).getAttribute(\"data-secret\"))||(t=Math.random().toString(36).substring(2,12),e.src+=\"#?secret=\"+t,e.setAttribute(\"data-secret\",t)),e.contentWindow.postMessage({message:\"ready\",secret:t},\"*\")},!1)))}(window,document);\n\/\/# sourceURL=https:\/\/wpvit.efb.fr\/wp-includes\/js\/wp-embed.min.js\n<\/script>\n","thumbnail_url":"https:\/\/wpvit.efb.fr\/wp-content\/uploads\/2023\/12\/PITCH-DAY-1.jpeg","thumbnail_width":1284,"thumbnail_height":1100,"description":"Lab EFB, Les comp\u00e9tences qui font la diff\u00e9rence ! Mercredi 13 d\u00e9cembre, s\u2019est tenue \u00e0 l\u2019EFB&nbsp;la 6\u00e8me \u00e9dition du Pitch Day. Six \u00e9quipes d\u2019\u00e9l\u00e8ves avocats du&nbsp;Lab EFB&nbsp;ont pr\u00e9sent\u00e9 leurs projets devant le jury compos\u00e9 de&nbsp;Stephane Baller,&nbsp;Mathieu BALZARINI,&nbsp;Sophie Coin-Deleau,&nbsp;Sophie Julien,&nbsp;Hans-Christian Kast,&nbsp;Cl\u00e9mentine Kleitz,&nbsp;ANNE MANASSEWITSCH&nbsp;et&nbsp;Jean-Marc THOMAS. Le Grand Prix du Jury a \u00e9t\u00e9 d\u00e9cern\u00e9 \u00e0 l&rsquo;\u00e9quipe DROIT \u00c0 MON MASTER et le Prix du Public&nbsp;LexisNexis France&nbsp;a \u00e9t\u00e9 remport\u00e9 par l&rsquo;\u00e9quipe L&rsquo;INTERFACE. La soir\u00e9e s&rsquo;est conclue par une remise des prix suivie d&rsquo;un moment convivial autour d&rsquo;un cocktail. F\u00e9licitations \u00e0 l\u2019ensemble des finalistes et merci aux membres du&nbsp;Lab EFB Romain Hazebroucq&nbsp;et&nbsp;Fabien Masson&nbsp;!&nbsp;"}

La 6ème édition du Pitch Day - efb.fr

<blockquote class="wp-embedded-content" data-secret="eApfaNjluJ"><a href="https://wpvit.efb.fr/index.php/13-decembre-6eme-edition-du-pitch-day/">La 6ème édition du Pitch Day</a></blockquote><iframe sandbox="allow-scripts" security="restricted" src="https://wpvit.efb.fr/index.php/13-decembre-6eme-edition-du-pitch-day/embed/#?secret=eApfaNjluJ" width="600" height="338" title="« La 6ème édition du Pitch Day » &#8212; efb.fr" data-secret="eApfaNjluJ" frameborder="0" marginwidth="0" marginheight="0" scrolling="no" class="wp-embedded-content"></iframe><script>
/*! This file is auto-generated */
!function(d,l){"use strict";l.querySelector&&d.addEventListener&&"undefined"!=typeof URL&&(d.wp=d.wp||{},d.wp.receiveEmbedMessage||(d.wp.receiveEmbedMessage=function(e){var t=e.data;if((t||t.secret||t.message||t.value)&&!/[^a-zA-Z0-9]/.test(t.secret)){for(var s,r,n,a=l.querySelectorAll('iframe[data-secret="'+t.secret+'"]'),o=l.querySelectorAll('blockquote[data-secret="'+t.secret+'"]'),c=new RegExp("^https?:$","i"),i=0;i<o.length;i++)o[i].style.display="none";for(i=0;i<a.length;i++)s=a[i],e.source===s.contentWindow&&(s.removeAttribute("style"),"height"===t.message?(1e3<(r=parseInt(t.value,10))?r=1e3:~~r<200&&(r=200),s.height=r):"link"===t.message&&(r=new URL(s.getAttribute("src")),n=new URL(t.value),c.test(n.protocol))&&n.host===r.host&&l.activeElement===s&&(d.top.location.href=t.value))}},d.addEventListener("message",d.wp.receiveEmbedMessage,!1),l.addEventListener("DOMContentLoaded",function(){for(var e,t,s=l.querySelectorAll("iframe.wp-embedded-content"),r=0;r<s.length;r++)(t=(e=s[r]).getAttribute("data-secret"))||(t=Math.random().toString(36).substring(2,12),e.src+="#?secret="+t,e.setAttribute("data-secret",t)),e.contentWindow.postMessage({message:"ready",secret:t},"*")},!1)))}(window,document);
//# sourceURL=https://wpvit.efb.fr/wp-includes/js/wp-embed.min.js
</script>

Lab EFB, Les compétences qui font la différence ! Mercredi 13 décembre, s’est tenue à l’EFB&nbsp;la 6ème édition du Pitch Day. Six équipes d’élèves avocats du&nbsp;Lab EFB&nbsp;ont présenté leurs projets devant le jury composé de&nbsp;Stephane Baller,&nbsp;Mathieu BALZARINI,&nbsp;Sophie Coin-Deleau,&nbsp;Sophie Julien,&nbsp;Hans-Christian Kast,&nbsp;Clémentine Kleitz,&nbsp;ANNE MANASSEWITSCH&nbsp;et&nbsp;Jean-Marc THOMAS. Le Grand Prix du Jury a été décerné à l&rsquo;équipe DROIT À MON MASTER et le Prix du Public&nbsp;LexisNexis France&nbsp;a été remporté par l&rsquo;équipe L&rsquo;INTERFACE. La soirée s&rsquo;est conclue par une remise des prix suivie d&rsquo;un moment convivial autour d&rsquo;un cocktail. Félicitations à l’ensemble des finalistes et merci aux membres du&nbsp;Lab EFB Romain Hazebroucq&nbsp;et&nbsp;Fabien Masson&nbsp;!&nbsp;
