{"version":"1.0","provider_name":"efb.fr","provider_url":"https:\/\/wpvit.efb.fr","author_name":"wordpress_adm","author_url":"https:\/\/wpvit.efb.fr\/index.php\/author\/wordpress_adm\/","title":"Nouvelle \u00e9dition du S\u00e9minaire franco-allemand - efb.fr","type":"rich","width":600,"height":338,"html":"<blockquote class=\"wp-embedded-content\" data-secret=\"VedZ28Hxln\"><a href=\"https:\/\/wpvit.efb.fr\/index.php\/nouvelle-edition-du-seminaire-franco-allemand\/\">Nouvelle \u00e9dition du S\u00e9minaire franco-allemand<\/a><\/blockquote><iframe sandbox=\"allow-scripts\" security=\"restricted\" src=\"https:\/\/wpvit.efb.fr\/index.php\/nouvelle-edition-du-seminaire-franco-allemand\/embed\/#?secret=VedZ28Hxln\" width=\"600\" height=\"338\" title=\"\u00ab\u00a0Nouvelle \u00e9dition du S\u00e9minaire franco-allemand\u00a0\u00bb &#8212; efb.fr\" data-secret=\"VedZ28Hxln\" frameborder=\"0\" marginwidth=\"0\" marginheight=\"0\" scrolling=\"no\" class=\"wp-embedded-content\"><\/iframe><script>\n\/*! This file is auto-generated *\/\n!function(d,l){\"use strict\";l.querySelector&&d.addEventListener&&\"undefined\"!=typeof URL&&(d.wp=d.wp||{},d.wp.receiveEmbedMessage||(d.wp.receiveEmbedMessage=function(e){var t=e.data;if((t||t.secret||t.message||t.value)&&!\/[^a-zA-Z0-9]\/.test(t.secret)){for(var s,r,n,a=l.querySelectorAll('iframe[data-secret=\"'+t.secret+'\"]'),o=l.querySelectorAll('blockquote[data-secret=\"'+t.secret+'\"]'),c=new RegExp(\"^https?:$\",\"i\"),i=0;i<o.length;i++)o[i].style.display=\"none\";for(i=0;i<a.length;i++)s=a[i],e.source===s.contentWindow&&(s.removeAttribute(\"style\"),\"height\"===t.message?(1e3<(r=parseInt(t.value,10))?r=1e3:~~r<200&&(r=200),s.height=r):\"link\"===t.message&&(r=new URL(s.getAttribute(\"src\")),n=new URL(t.value),c.test(n.protocol))&&n.host===r.host&&l.activeElement===s&&(d.top.location.href=t.value))}},d.addEventListener(\"message\",d.wp.receiveEmbedMessage,!1),l.addEventListener(\"DOMContentLoaded\",function(){for(var e,t,s=l.querySelectorAll(\"iframe.wp-embedded-content\"),r=0;r<s.length;r++)(t=(e=s[r]).getAttribute(\"data-secret\"))||(t=Math.random().toString(36).substring(2,12),e.src+=\"#?secret=\"+t,e.setAttribute(\"data-secret\",t)),e.contentWindow.postMessage({message:\"ready\",secret:t},\"*\")},!1)))}(window,document);\n\/\/# sourceURL=https:\/\/wpvit.efb.fr\/wp-includes\/js\/wp-embed.min.js\n<\/script>\n","thumbnail_url":"https:\/\/wpvit.efb.fr\/wp-content\/uploads\/2023\/10\/IMG_1142.jpeg","thumbnail_width":2308,"thumbnail_height":2091,"description":"L\u2019EFB a accueilli cette semaine 18 \u00ab Referendar \u00bb allemands (stagiaires en formation) venus \u00e9changer sur la formation des avocats en France avec des \u00e9l\u00e8ves avocats de l\u2019EFB. L\u2019occasion de r\u00e9soudre ensemble un cas pratique de d\u00e9ontologie dans un contexte franco-allemand ! Ce voyage s\u2019inscrit dans le cadre d\u2019un programme avec le Minist\u00e8re de Rh\u00e9nanie du Nord Westphalie, permettant \u00e0 la r\u00e9ciproque aux \u00e9l\u00e8ves germanophones de l\u2019EFB de partir en s\u00e9minaire d\u2019\u00e9tudes \u00e0 D\u00fcsseldorf, avec le soutien de la Commission Allemagne du barreau de Paris. &nbsp; Huit \u00e9l\u00e8ves de l\u2019EFB ont ainsi pu assister lors du dernier s\u00e9minaire qui s\u2019est tenu \u00e0 la fin du mois de septembre, \u00e0 des rencontres avec les magistrats allemands sur les fondamentaux de la proc\u00e9dure. Des \u00e9changes nourris au Consulat de France sur la relation politique et diplomatique franco-allemande contribuent \u00e0 la richesse de ce programme."}

Nouvelle édition du Séminaire franco-allemand - efb.fr

<blockquote class="wp-embedded-content" data-secret="VedZ28Hxln"><a href="https://wpvit.efb.fr/index.php/nouvelle-edition-du-seminaire-franco-allemand/">Nouvelle édition du Séminaire franco-allemand</a></blockquote><iframe sandbox="allow-scripts" security="restricted" src="https://wpvit.efb.fr/index.php/nouvelle-edition-du-seminaire-franco-allemand/embed/#?secret=VedZ28Hxln" width="600" height="338" title="« Nouvelle édition du Séminaire franco-allemand » &#8212; efb.fr" data-secret="VedZ28Hxln" frameborder="0" marginwidth="0" marginheight="0" scrolling="no" class="wp-embedded-content"></iframe><script>
/*! This file is auto-generated */
!function(d,l){"use strict";l.querySelector&&d.addEventListener&&"undefined"!=typeof URL&&(d.wp=d.wp||{},d.wp.receiveEmbedMessage||(d.wp.receiveEmbedMessage=function(e){var t=e.data;if((t||t.secret||t.message||t.value)&&!/[^a-zA-Z0-9]/.test(t.secret)){for(var s,r,n,a=l.querySelectorAll('iframe[data-secret="'+t.secret+'"]'),o=l.querySelectorAll('blockquote[data-secret="'+t.secret+'"]'),c=new RegExp("^https?:$","i"),i=0;i<o.length;i++)o[i].style.display="none";for(i=0;i<a.length;i++)s=a[i],e.source===s.contentWindow&&(s.removeAttribute("style"),"height"===t.message?(1e3<(r=parseInt(t.value,10))?r=1e3:~~r<200&&(r=200),s.height=r):"link"===t.message&&(r=new URL(s.getAttribute("src")),n=new URL(t.value),c.test(n.protocol))&&n.host===r.host&&l.activeElement===s&&(d.top.location.href=t.value))}},d.addEventListener("message",d.wp.receiveEmbedMessage,!1),l.addEventListener("DOMContentLoaded",function(){for(var e,t,s=l.querySelectorAll("iframe.wp-embedded-content"),r=0;r<s.length;r++)(t=(e=s[r]).getAttribute("data-secret"))||(t=Math.random().toString(36).substring(2,12),e.src+="#?secret="+t,e.setAttribute("data-secret",t)),e.contentWindow.postMessage({message:"ready",secret:t},"*")},!1)))}(window,document);
//# sourceURL=https://wpvit.efb.fr/wp-includes/js/wp-embed.min.js
</script>

L’EFB a accueilli cette semaine 18 « Referendar » allemands (stagiaires en formation) venus échanger sur la formation des avocats en France avec des élèves avocats de l’EFB. L’occasion de résoudre ensemble un cas pratique de déontologie dans un contexte franco-allemand ! Ce voyage s’inscrit dans le cadre d’un programme avec le Ministère de Rhénanie du Nord Westphalie, permettant à la réciproque aux élèves germanophones de l’EFB de partir en séminaire d’études à Düsseldorf, avec le soutien de la Commission Allemagne du barreau de Paris. &nbsp; Huit élèves de l’EFB ont ainsi pu assister lors du dernier séminaire qui s’est tenu à la fin du mois de septembre, à des rencontres avec les magistrats allemands sur les fondamentaux de la procédure. Des échanges nourris au Consulat de France sur la relation politique et diplomatique franco-allemande contribuent à la richesse de ce programme.
