{"version":"1.0","provider_name":"efb.fr","provider_url":"https:\/\/wpvit.efb.fr","author_name":"wordpress_adm","author_url":"https:\/\/wpvit.efb.fr\/index.php\/author\/wordpress_adm\/","title":"Parcours d'avocats #5 - portrait de Sevan Karian - efb.fr","type":"rich","width":600,"height":338,"html":"<blockquote class=\"wp-embedded-content\" data-secret=\"KOhYxO7YF8\"><a href=\"https:\/\/wpvit.efb.fr\/index.php\/parcours-davocats-5-portrait-de-sevan-karian\/\">Parcours d&rsquo;avocats #5 &#8211; portrait de Sevan Karian<\/a><\/blockquote><iframe sandbox=\"allow-scripts\" security=\"restricted\" src=\"https:\/\/wpvit.efb.fr\/index.php\/parcours-davocats-5-portrait-de-sevan-karian\/embed\/#?secret=KOhYxO7YF8\" width=\"600\" height=\"338\" title=\"\u00ab\u00a0Parcours d&rsquo;avocats #5 &#8211; portrait de Sevan Karian\u00a0\u00bb &#8212; efb.fr\" data-secret=\"KOhYxO7YF8\" frameborder=\"0\" marginwidth=\"0\" marginheight=\"0\" scrolling=\"no\" class=\"wp-embedded-content\"><\/iframe><script>\n\/*! This file is auto-generated *\/\n!function(d,l){\"use strict\";l.querySelector&&d.addEventListener&&\"undefined\"!=typeof URL&&(d.wp=d.wp||{},d.wp.receiveEmbedMessage||(d.wp.receiveEmbedMessage=function(e){var t=e.data;if((t||t.secret||t.message||t.value)&&!\/[^a-zA-Z0-9]\/.test(t.secret)){for(var s,r,n,a=l.querySelectorAll('iframe[data-secret=\"'+t.secret+'\"]'),o=l.querySelectorAll('blockquote[data-secret=\"'+t.secret+'\"]'),c=new RegExp(\"^https?:$\",\"i\"),i=0;i<o.length;i++)o[i].style.display=\"none\";for(i=0;i<a.length;i++)s=a[i],e.source===s.contentWindow&&(s.removeAttribute(\"style\"),\"height\"===t.message?(1e3<(r=parseInt(t.value,10))?r=1e3:~~r<200&&(r=200),s.height=r):\"link\"===t.message&&(r=new URL(s.getAttribute(\"src\")),n=new URL(t.value),c.test(n.protocol))&&n.host===r.host&&l.activeElement===s&&(d.top.location.href=t.value))}},d.addEventListener(\"message\",d.wp.receiveEmbedMessage,!1),l.addEventListener(\"DOMContentLoaded\",function(){for(var e,t,s=l.querySelectorAll(\"iframe.wp-embedded-content\"),r=0;r<s.length;r++)(t=(e=s[r]).getAttribute(\"data-secret\"))||(t=Math.random().toString(36).substring(2,12),e.src+=\"#?secret=\"+t,e.setAttribute(\"data-secret\",t)),e.contentWindow.postMessage({message:\"ready\",secret:t},\"*\")},!1)))}(window,document);\n\/\/# sourceURL=https:\/\/wpvit.efb.fr\/wp-includes\/js\/wp-embed.min.js\n<\/script>\n","thumbnail_url":"https:\/\/wpvit.efb.fr\/wp-content\/uploads\/2023\/05\/Sevan_Karian.jpg","thumbnail_width":1920,"thumbnail_height":1080,"description":"Cinqui\u00e8me num\u00e9ro de parcours d&rsquo;avocats, Voici le portrait de Sevan Karian, avocat au barreau de Paris dipl\u00f4m\u00e9 de grandes universit\u00e9s en France et aux Etats-Unis, et form\u00e9 durant plusieurs ann\u00e9es au sein de cabinets d\u2019affaires internationaux, entre Paris, Londres et Buenos Aires. Par sa maitrise de plusieurs langues au niveau professionnel, ASK intervient en fran\u00e7ais, anglais et espagnol. Me Karian est inscrit sur la liste des avocats mandataires sportifs du barreau de Paris, intervenant ainsi dans le secteur du football aupr\u00e8s de clubs, d\u2019agents sportifs ou de joueurs professionnels. En parall\u00e8le \u00e0 ses activit\u00e9s, il enseigne au sein de diff\u00e9rentes \u00e9coles et universit\u00e9s, principalement en Droit des investissements internationaux, Droit des contrats, Droit du sport et ses mati\u00e8res p\u00e9riph\u00e9riques (image, social, associations, \u2026). Me Karian est membre de plusieurs associations professionnelles, telles que l\u2019Association Internationale des Avocats du Football. Il occupe \u00e9galement, depuis pr\u00e8s de 10 ans, la fonction de Pr\u00e9sident de l\u2019association d\u2019aide au d\u00e9veloppement \u00ab AYO \u00bb, qui \u0153uvre en utilisant le sport et l\u2019art comme outils de d\u00e9veloppement pour les enfants d\u2019Arm\u00e9nie."}

Cinquième numéro de parcours d&rsquo;avocats, Voici le portrait de Sevan Karian, avocat au barreau de Paris diplômé de grandes universités en France et aux Etats-Unis, et formé durant plusieurs années au sein de cabinets d’affaires internationaux, entre Paris, Londres et Buenos Aires. Par sa maitrise de plusieurs langues au niveau professionnel, ASK intervient en français, anglais et espagnol. Me Karian est inscrit sur la liste des avocats mandataires sportifs du barreau de Paris, intervenant ainsi dans le secteur du football auprès de clubs, d’agents sportifs ou de joueurs professionnels. En parallèle à ses activités, il enseigne au sein de différentes écoles et universités, principalement en Droit des investissements internationaux, Droit des contrats, Droit du sport et ses matières périphériques (image, social, associations, …). Me Karian est membre de plusieurs associations professionnelles, telles que l’Association Internationale des Avocats du Football. Il occupe également, depuis près de 10 ans, la fonction de Président de l’association d’aide au développement « AYO », qui œuvre en utilisant le sport et l’art comme outils de développement pour les enfants d’Arménie.
