{"version":"1.0","provider_name":"efb.fr","provider_url":"https:\/\/wpvit.efb.fr","author_name":"wordpress_adm","author_url":"https:\/\/wpvit.efb.fr\/index.php\/author\/wordpress_adm\/","title":"Pr\u00e9sentation de l'EFB - efb.fr","type":"rich","width":600,"height":338,"html":"<blockquote class=\"wp-embedded-content\" data-secret=\"xGqJDfHYKt\"><a href=\"https:\/\/wpvit.efb.fr\/index.php\/presentation-de-l-efb\/\">Pr\u00e9sentation de l&rsquo;EFB<\/a><\/blockquote><iframe sandbox=\"allow-scripts\" security=\"restricted\" src=\"https:\/\/wpvit.efb.fr\/index.php\/presentation-de-l-efb\/embed\/#?secret=xGqJDfHYKt\" width=\"600\" height=\"338\" title=\"\u00ab\u00a0Pr\u00e9sentation de l&rsquo;EFB\u00a0\u00bb &#8212; efb.fr\" data-secret=\"xGqJDfHYKt\" frameborder=\"0\" marginwidth=\"0\" marginheight=\"0\" scrolling=\"no\" class=\"wp-embedded-content\"><\/iframe><script>\n\/*! This file is auto-generated *\/\n!function(d,l){\"use strict\";l.querySelector&&d.addEventListener&&\"undefined\"!=typeof URL&&(d.wp=d.wp||{},d.wp.receiveEmbedMessage||(d.wp.receiveEmbedMessage=function(e){var t=e.data;if((t||t.secret||t.message||t.value)&&!\/[^a-zA-Z0-9]\/.test(t.secret)){for(var s,r,n,a=l.querySelectorAll('iframe[data-secret=\"'+t.secret+'\"]'),o=l.querySelectorAll('blockquote[data-secret=\"'+t.secret+'\"]'),c=new RegExp(\"^https?:$\",\"i\"),i=0;i<o.length;i++)o[i].style.display=\"none\";for(i=0;i<a.length;i++)s=a[i],e.source===s.contentWindow&&(s.removeAttribute(\"style\"),\"height\"===t.message?(1e3<(r=parseInt(t.value,10))?r=1e3:~~r<200&&(r=200),s.height=r):\"link\"===t.message&&(r=new URL(s.getAttribute(\"src\")),n=new URL(t.value),c.test(n.protocol))&&n.host===r.host&&l.activeElement===s&&(d.top.location.href=t.value))}},d.addEventListener(\"message\",d.wp.receiveEmbedMessage,!1),l.addEventListener(\"DOMContentLoaded\",function(){for(var e,t,s=l.querySelectorAll(\"iframe.wp-embedded-content\"),r=0;r<s.length;r++)(t=(e=s[r]).getAttribute(\"data-secret\"))||(t=Math.random().toString(36).substring(2,12),e.src+=\"#?secret=\"+t,e.setAttribute(\"data-secret\",t)),e.contentWindow.postMessage({message:\"ready\",secret:t},\"*\")},!1)))}(window,document);\n\/\/# sourceURL=https:\/\/wpvit.efb.fr\/wp-includes\/js\/wp-embed.min.js\n<\/script>\n","description":"Je veux en savoir plus sur l&rsquo;EFB Pr\u00e9sentation Nos partenaires Espace presse Intervenir \u00e0 l&#8217;EFB Louer une salle \u00e0 l&#8217;EFB Localisation D\u00e9couvrir l&rsquo;EFB L&rsquo;EFB en chiffres L&rsquo;\u00e9quipe de l&rsquo;EFB Marraines et parrains de l&rsquo;EFB Retour sur nos \u00e9v\u00e8nements R\u00e8glement int\u00e9rieur About EFB L&rsquo;EFB en chiffres L&rsquo;\u00e9quipe de l&rsquo;EFB Marraines et parrains de l&rsquo;EFB Retour sur nos \u00e9v\u00e8nements R\u00e8glement int\u00e9rieur About EFB Vous souhaitez prendre contact avec nous ? Pour toute demande, vous pouvez vous adresser au service communication de l\u2019\u00e9cole via notre formulaire de contact. Youtube Linkedin D\u00e9couvrir nos derni\u00e8res actualit\u00e9s arrow-icon-size3 Plus d&rsquo;actualit\u00e9s Vous souhaitez prendre contact avec nous ? Pour toute demande, vous pouvez vous adresser au service communication de l\u2019\u00e9cole\u00a0 Youtube Linkedin D\u00e9couvrir nos derni\u00e8res actualit\u00e9s arrow-icon-size3 Plus d&rsquo;actualit\u00e9s Je veux intervenir en Formation Continue Si vous disposez d\u2019au moins 5 ans d\u2019exp\u00e9rience professionnelle, vous pouvez nous adresser votre CV et une lettre de motivation depuis notre formulaire de contact. Je veux intervenir en Formation Initiale Si vous disposez d\u2019au moins 4 ans d\u2019exp\u00e9rience professionnelle, vous pouvez nous adresser votre CV et une lettre de motivation depuis notre formulaire de contact. Je veux intervenir en Formation Continue Si vous disposez d\u2019au moins 5 ans d\u2019exp\u00e9rience professionnelle, vous pouvez adresser votre CV et une lettre de motivation \u00e0 l&#8217;adresse ci-contre. Je veux intervenir en Formation Initiale Si vous disposez d\u2019au moins 4 ans d\u2019exp\u00e9rience professionnelle, vous pouvez adresser votre CV et une lettre de motivation \u00e0 l\u2019adresse ci-contre. Les salles de l\u2019EFB (accessibles aux personnes en situations de handicap) sont disponibles \u00e0 la location si vous souhaitez organiser des r\u00e9unions, des conf\u00e9rences ou des formations. Les tarifs comprennent : La mise \u00e0 disposition des locaux. Le mobilier (tables, chaises, pupitre, bureau, paperboard). Le mat\u00e9riel technique (vid\u00e9oprojecteur, micros, sono, ordinateur) pr\u00e9vus initialement dans chaque lieu. Ces \u00e9quipements diff\u00e8rent selon le type de salle. Les prestations suppl\u00e9mentaires de techniciens externes ou \u00e9quipements souhait\u00e9s non disponibles \u00e0 l\u2019EFB seront g\u00e9r\u00e9s directement par l\u2019entreprise locataire ou\/et peuvent \u00eatre factur\u00e9s en plus.Les prestations seront \u00e0 r\u00e9gler directement au fournisseur. Les tarifs comprennent : La mise \u00e0 disposition des locaux. Le mobilier (tables, chaises, pupitre, bureau, paperboard). Le mat\u00e9riel technique (vid\u00e9oprojecteur, micros, sono, ordinateur) pr\u00e9vus initialement dans chaque lieu. \u00a0 Ces \u00e9quipements diff\u00e8rent selon le type de salle. Grille tarifaire 2025 : Salle de conf\u00e9rence 192 places Salle de conf\u00e9rence 153 places Auditorium 350 places Les prestations suppl\u00e9mentaires de techniciens externes ou \u00e9quipements souhait\u00e9s non disponibles \u00e0 l\u2019EFB seront g\u00e9r\u00e9s directement par l\u2019entreprise locataire ou\/et peuvent \u00eatre factur\u00e9s en plus.Les prestations seront \u00e0 r\u00e9gler directement au fournisseur. Contacts T\u00e9l : 01 80 22 01 79Email : servicesGeneraux@efb.fr EFB &#8211; ISSY-LES-MOULINEAUX 1 rue Pierre-Antoine Berryer92130 Issy-les-Moulineaux EFB &#8211; BOBIGNY 9 rue de l\u2019Ind\u00e9pendance93000 Bobigny EFB &#8211; CR\u00c9TEIL 85 Av. du G\u00e9n\u00e9ral de Gaulle94000 Cr\u00e9teil Se rendre \u00e0 l&rsquo;EFB Se rendre \u00e0 l&rsquo;EFB Je veux en savoir plus sur l\u2019EFB Pr\u00e9sentation Nos partenaires Espace presse Intervenir \u00e0 l&#8217;EFB Louer une salle \u00e0 l&#8217;EFB Localisation D\u00e9couvrir l&rsquo;EFB L&rsquo;EFB en chiffres L&rsquo;\u00e9quipe de l&rsquo;EFB Marraines et parrains de l&rsquo;EFB Retour sur nos \u00e9v\u00e8nements R\u00e8glement int\u00e9rieur About EFB L&rsquo;EFB en chiffres L&rsquo;\u00e9quipe de l&rsquo;EFB Marraines et parrains de l&rsquo;EFB Retour sur nos \u00e9v\u00e8nements R\u00e8glement int\u00e9rieur About EFB Vous souhaitez prendre contact avec nous ? Pour toute demande, vous pouvez vous adresser au service communication de l\u2019\u00e9cole via notre formulaire de contact. Youtube Linkedin D\u00e9couvrir nos derni\u00e8res actualit\u00e9s arrow-icon-size3 Plus d&rsquo;actualit\u00e9s Vous souhaitez prendre contact avec nous ? Pour toute demande, vous pouvez vous adresser au service communication de l\u2019\u00e9cole\u00a0 Youtube Linkedin D\u00e9couvrir nos derni\u00e8res actualit\u00e9s arrow-icon-size3 Plus d&rsquo;actualit\u00e9s Je veux intervenir en Formation Continue Si vous disposez d\u2019au moins 5 ans d\u2019exp\u00e9rience professionnelle, vous pouvez nous adresser votre CV et une lettre de motivation depuis notre formulaire de contact. Je veux intervenir en Formation Initiale Si vous disposez d\u2019au moins 4 ans d\u2019exp\u00e9rience professionnelle, vous pouvez nous adresser votre CV et une lettre de motivation depuis notre formulaire de contact. Je veux intervenir en Formation Continue Si vous disposez d\u2019au moins 5 ans d\u2019exp\u00e9rience professionnelle, vous pouvez adresser votre CV et une lettre de motivation \u00e0 l&#8217;adresse ci-contre. Je veux intervenir en Formation Initiale Si vous disposez d\u2019au moins 4 ans d\u2019exp\u00e9rience professionnelle, vous pouvez adresser votre CV et une lettre de motivation \u00e0 l\u2019adresse ci-contre. Les salles de l\u2019EFB (accessibles aux personnes en situations de handicap) sont disponibles \u00e0 la location si vous souhaitez organiser des r\u00e9unions, des conf\u00e9rences ou des formations. Les tarifs comprennent : La mise \u00e0 disposition des locaux. Le mobilier (tables, chaises, pupitre, bureau, paperboard). Le mat\u00e9riel technique (vid\u00e9oprojecteur, micros, sono, ordinateur) pr\u00e9vus initialement dans chaque lieu. Ces \u00e9quipements diff\u00e8rent selon le type de salle. Les prestations suppl\u00e9mentaires de techniciens externes ou \u00e9quipements souhait\u00e9s non disponibles \u00e0 l\u2019EFB seront g\u00e9r\u00e9s directement par l\u2019entreprise locataire ou\/et peuvent \u00eatre factur\u00e9s en plus.Les prestations seront \u00e0 r\u00e9gler directement au fournisseur. Les tarifs comprennent : La mise \u00e0 disposition des locaux. Le mobilier (tables, chaises, pupitre, bureau, paperboard). Le mat\u00e9riel technique (vid\u00e9oprojecteur, micros, sono, ordinateur) pr\u00e9vus initialement dans chaque lieu. \u00a0 Ces \u00e9quipements diff\u00e8rent selon le type de salle. Grille tarifaire 2025 : Salle de conf\u00e9rence 192 places Salle de conf\u00e9rence 153 places Auditorium 350 places Les prestations suppl\u00e9mentaires de techniciens externes ou \u00e9quipements souhait\u00e9s non disponibles \u00e0 l\u2019EFB seront g\u00e9r\u00e9s directement par l\u2019entreprise locataire ou\/et peuvent \u00eatre factur\u00e9s en plus.Les prestations seront \u00e0 r\u00e9gler directement au fournisseur. Contacts T\u00e9l : 01 80 22 01 79Email : servicesGeneraux@efb.fr EFB &#8211; ISSY-LES-MOULINEAUX 1 rue Pierre-Antoine Berryer92130 Issy-les-Moulineaux EFB &#8211; BOBIGNY 9 rue de l\u2019Ind\u00e9pendance93000 Bobigny EFB &#8211; CR\u00c9TEIL 85 Av. du G\u00e9n\u00e9ral de Gaulle94000 Cr\u00e9teil Se rendre \u00e0 l&rsquo;EFB Se rendre \u00e0 l&rsquo;EFB","thumbnail_url":"https:\/\/wpvit.efb.fr\/wp-content\/uploads\/2023\/05\/Logo_LexisNexis.png","thumbnail_width":1968,"thumbnail_height":805}

Présentation de l'EFB - efb.fr

<blockquote class="wp-embedded-content" data-secret="xGqJDfHYKt"><a href="https://wpvit.efb.fr/index.php/presentation-de-l-efb/">Présentation de l&rsquo;EFB</a></blockquote><iframe sandbox="allow-scripts" security="restricted" src="https://wpvit.efb.fr/index.php/presentation-de-l-efb/embed/#?secret=xGqJDfHYKt" width="600" height="338" title="« Présentation de l&rsquo;EFB » &#8212; efb.fr" data-secret="xGqJDfHYKt" frameborder="0" marginwidth="0" marginheight="0" scrolling="no" class="wp-embedded-content"></iframe><script>
/*! This file is auto-generated */
!function(d,l){"use strict";l.querySelector&&d.addEventListener&&"undefined"!=typeof URL&&(d.wp=d.wp||{},d.wp.receiveEmbedMessage||(d.wp.receiveEmbedMessage=function(e){var t=e.data;if((t||t.secret||t.message||t.value)&&!/[^a-zA-Z0-9]/.test(t.secret)){for(var s,r,n,a=l.querySelectorAll('iframe[data-secret="'+t.secret+'"]'),o=l.querySelectorAll('blockquote[data-secret="'+t.secret+'"]'),c=new RegExp("^https?:$","i"),i=0;i<o.length;i++)o[i].style.display="none";for(i=0;i<a.length;i++)s=a[i],e.source===s.contentWindow&&(s.removeAttribute("style"),"height"===t.message?(1e3<(r=parseInt(t.value,10))?r=1e3:~~r<200&&(r=200),s.height=r):"link"===t.message&&(r=new URL(s.getAttribute("src")),n=new URL(t.value),c.test(n.protocol))&&n.host===r.host&&l.activeElement===s&&(d.top.location.href=t.value))}},d.addEventListener("message",d.wp.receiveEmbedMessage,!1),l.addEventListener("DOMContentLoaded",function(){for(var e,t,s=l.querySelectorAll("iframe.wp-embedded-content"),r=0;r<s.length;r++)(t=(e=s[r]).getAttribute("data-secret"))||(t=Math.random().toString(36).substring(2,12),e.src+="#?secret="+t,e.setAttribute("data-secret",t)),e.contentWindow.postMessage({message:"ready",secret:t},"*")},!1)))}(window,document);
//# sourceURL=https://wpvit.efb.fr/wp-includes/js/wp-embed.min.js
</script>

Je veux en savoir plus sur l&rsquo;EFB Présentation Nos partenaires Espace presse Intervenir à l&#8217;EFB Louer une salle à l&#8217;EFB Localisation Découvrir l&rsquo;EFB L&rsquo;EFB en chiffres L&rsquo;équipe de l&rsquo;EFB Marraines et parrains de l&rsquo;EFB Retour sur nos évènements Règlement intérieur About EFB L&rsquo;EFB en chiffres L&rsquo;équipe de l&rsquo;EFB Marraines et parrains de l&rsquo;EFB Retour sur nos évènements Règlement intérieur About EFB Vous souhaitez prendre contact avec nous ? Pour toute demande, vous pouvez vous adresser au service communication de l’école via notre formulaire de contact. Youtube Linkedin Découvrir nos dernières actualités arrow-icon-size3 Plus d&rsquo;actualités Vous souhaitez prendre contact avec nous ? Pour toute demande, vous pouvez vous adresser au service communication de l’école  Youtube Linkedin Découvrir nos dernières actualités arrow-icon-size3 Plus d&rsquo;actualités Je veux intervenir en Formation Continue Si vous disposez d’au moins 5 ans d’expérience professionnelle, vous pouvez nous adresser votre CV et une lettre de motivation depuis notre formulaire de contact. Je veux intervenir en Formation Initiale Si vous disposez d’au moins 4 ans d’expérience professionnelle, vous pouvez nous adresser votre CV et une lettre de motivation depuis notre formulaire de contact. Je veux intervenir en Formation Continue Si vous disposez d’au moins 5 ans d’expérience professionnelle, vous pouvez adresser votre CV et une lettre de motivation à l&#8217;adresse ci-contre. Je veux intervenir en Formation Initiale Si vous disposez d’au moins 4 ans d’expérience professionnelle, vous pouvez adresser votre CV et une lettre de motivation à l’adresse ci-contre. Les salles de l’EFB (accessibles aux personnes en situations de handicap) sont disponibles à la location si vous souhaitez organiser des réunions, des conférences ou des formations. Les tarifs comprennent : La mise à disposition des locaux. Le mobilier (tables, chaises, pupitre, bureau, paperboard). Le matériel technique (vidéoprojecteur, micros, sono, ordinateur) prévus initialement dans chaque lieu. Ces équipements diffèrent selon le type de salle. Les prestations supplémentaires de techniciens externes ou équipements souhaités non disponibles à l’EFB seront gérés directement par l’entreprise locataire ou/et peuvent être facturés en plus.Les prestations seront à régler directement au fournisseur. Les tarifs comprennent : La mise à disposition des locaux. Le mobilier (tables, chaises, pupitre, bureau, paperboard). Le matériel technique (vidéoprojecteur, micros, sono, ordinateur) prévus initialement dans chaque lieu.   Ces équipements diffèrent selon le type de salle. Grille tarifaire 2025 : Salle de conférence 192 places Salle de conférence 153 places Auditorium 350 places Les prestations supplémentaires de techniciens externes ou équipements souhaités non disponibles à l’EFB seront gérés directement par l’entreprise locataire ou/et peuvent être facturés en plus.Les prestations seront à régler directement au fournisseur. Contacts Tél : 01 80 22 01 79Email : servicesGeneraux@efb.fr EFB &#8211; ISSY-LES-MOULINEAUX 1 rue Pierre-Antoine Berryer92130 Issy-les-Moulineaux EFB &#8211; BOBIGNY 9 rue de l’Indépendance93000 Bobigny EFB &#8211; CRÉTEIL 85 Av. du Général de Gaulle94000 Créteil Se rendre à l&rsquo;EFB Se rendre à l&rsquo;EFB Je veux en savoir plus sur l’EFB Présentation Nos partenaires Espace presse Intervenir à l&#8217;EFB Louer une salle à l&#8217;EFB Localisation Découvrir l&rsquo;EFB L&rsquo;EFB en chiffres L&rsquo;équipe de l&rsquo;EFB Marraines et parrains de l&rsquo;EFB Retour sur nos évènements Règlement intérieur About EFB L&rsquo;EFB en chiffres L&rsquo;équipe de l&rsquo;EFB Marraines et parrains de l&rsquo;EFB Retour sur nos évènements Règlement intérieur About EFB Vous souhaitez prendre contact avec nous ? Pour toute demande, vous pouvez vous adresser au service communication de l’école via notre formulaire de contact. Youtube Linkedin Découvrir nos dernières actualités arrow-icon-size3 Plus d&rsquo;actualités Vous souhaitez prendre contact avec nous ? Pour toute demande, vous pouvez vous adresser au service communication de l’école  Youtube Linkedin Découvrir nos dernières actualités arrow-icon-size3 Plus d&rsquo;actualités Je veux intervenir en Formation Continue Si vous disposez d’au moins 5 ans d’expérience professionnelle, vous pouvez nous adresser votre CV et une lettre de motivation depuis notre formulaire de contact. Je veux intervenir en Formation Initiale Si vous disposez d’au moins 4 ans d’expérience professionnelle, vous pouvez nous adresser votre CV et une lettre de motivation depuis notre formulaire de contact. Je veux intervenir en Formation Continue Si vous disposez d’au moins 5 ans d’expérience professionnelle, vous pouvez adresser votre CV et une lettre de motivation à l&#8217;adresse ci-contre. Je veux intervenir en Formation Initiale Si vous disposez d’au moins 4 ans d’expérience professionnelle, vous pouvez adresser votre CV et une lettre de motivation à l’adresse ci-contre. Les salles de l’EFB (accessibles aux personnes en situations de handicap) sont disponibles à la location si vous souhaitez organiser des réunions, des conférences ou des formations. Les tarifs comprennent : La mise à disposition des locaux. Le mobilier (tables, chaises, pupitre, bureau, paperboard). Le matériel technique (vidéoprojecteur, micros, sono, ordinateur) prévus initialement dans chaque lieu. Ces équipements diffèrent selon le type de salle. Les prestations supplémentaires de techniciens externes ou équipements souhaités non disponibles à l’EFB seront gérés directement par l’entreprise locataire ou/et peuvent être facturés en plus.Les prestations seront à régler directement au fournisseur. Les tarifs comprennent : La mise à disposition des locaux. Le mobilier (tables, chaises, pupitre, bureau, paperboard). Le matériel technique (vidéoprojecteur, micros, sono, ordinateur) prévus initialement dans chaque lieu.   Ces équipements diffèrent selon le type de salle. Grille tarifaire 2025 : Salle de conférence 192 places Salle de conférence 153 places Auditorium 350 places Les prestations supplémentaires de techniciens externes ou équipements souhaités non disponibles à l’EFB seront gérés directement par l’entreprise locataire ou/et peuvent être facturés en plus.Les prestations seront à régler directement au fournisseur. Contacts Tél : 01 80 22 01 79Email : servicesGeneraux@efb.fr EFB &#8211; ISSY-LES-MOULINEAUX 1 rue Pierre-Antoine Berryer92130 Issy-les-Moulineaux EFB &#8211; BOBIGNY 9 rue de l’Indépendance93000 Bobigny EFB &#8211; CRÉTEIL 85 Av. du Général de Gaulle94000 Créteil Se rendre à l&rsquo;EFB Se rendre à l&rsquo;EFB
