{"id":41984,"date":"2025-12-18T00:00:00","date_gmt":"2025-12-17T23:00:00","guid":{"rendered":"https:\/\/wpvit.efb.fr\/index.php\/acf_formation\/cycle-qualifiant-les-strategies-contentieuses-en-droit-de-lenvironnement-3\/"},"modified":"2026-04-29T20:30:22","modified_gmt":"2026-04-29T18:30:22","slug":"cycle-qualifiant-les-strategies-contentieuses-en-droit-de-lenvironnement-3","status":"publish","type":"acf_formation","link":"https:\/\/wpvit.efb.fr\/index.php\/acf_formation\/cycle-qualifiant-les-strategies-contentieuses-en-droit-de-lenvironnement-3\/","title":{"rendered":"Cycle qualifiant &#8211; Les strat\u00e9gies contentieuses en droit de l&rsquo;environnement"},"content":{"rendered":"","protected":false},"excerpt":{"rendered":"<p>S\u00e9ance 01 :<br \/>\n&#8211; Ma\u00eetriser la proc\u00e9dure des divers r\u00e9f\u00e9r\u00e9s<br \/>\n&#8211; Comprendre les strat\u00e9gies \u00e0 adopter<\/p>\n<p>S\u00e9ance 02 :<br \/>\n&#8211; Identifier les dossiers dans lesquels utiliser une expertise<br \/>\n&#8211; Savoir en faire un atout contentieux<\/p>\n<p>S\u00e9ance 03 :<br \/>\n&#8211; Savoir pr\u00e9parer des dossiers avec des CJIP<br \/>\n&#8211; Ma\u00eetriser les particularit\u00e9s du droit p\u00e9nal de l&rsquo;environnement<\/p>\n<p>S\u00e9ance 04 :<br \/>\n&#8211; Ma\u00eetriser la port\u00e9e de l&rsquo;obligation de diligence raisonnable<br \/>\n&#8211; Conna\u00eetre le cadre juridique et sa mise en \u0153uvre concernant le contentieux des ressources naturelles<\/p>\n<p>S\u00e9ance 05 :<br \/>\n&#8211; Comprendre les enjeux d\u00e9coulant de la r\u00e9glementation applicables sur les d\u00e9chets<br \/>\n&#8211; Acqu\u00e9rir les r\u00e9flexes pratiques en mati\u00e8re contentieuse<\/p>\n<p>S\u00e9ance 06 :<br \/>\n&#8211; Conna\u00eetre les derni\u00e8res \u00e9volutions en mati\u00e8re d&rsquo;ICPE et savoir les mobiliser<\/p>\n<p>S\u00e9ance 07 :<br \/>\n&#8211; Comprendre l&rsquo;\u00e9tendue du droit climatique<br \/>\n&#8211; Savoir mobiliser son application<\/p>\n<p>S\u00e9ance 08 :<br \/>\n&#8211; Ma\u00eetriser le recours \u00e0 la m\u00e9diation en droit de l&rsquo;environnement<\/p>\n","protected":false},"author":0,"featured_media":0,"parent":0,"menu_order":0,"template":"","format":"standard","meta":{"_acf_changed":false,"footnotes":""},"theme_formation":[80],"class_list":["post-41984","acf_formation","type-acf_formation","status-publish","format-standard","hentry","theme_formation-droit-de-lenvironnement"],"acf":[],"yoast_head":"<!-- This site is optimized with the Yoast SEO plugin v27.4 - https:\/\/yoast.com\/product\/yoast-seo-wordpress\/ -->\n<title>Cycle qualifiant - Les strat\u00e9gies contentieuses en droit de l&#039;environnement - efb.fr<\/title>\n<meta name=\"robots\" content=\"noindex, follow\" \/>\n<meta property=\"og:locale\" content=\"fr_FR\" \/>\n<meta property=\"og:type\" content=\"article\" \/>\n<meta property=\"og:title\" content=\"Cycle qualifiant - Les strat\u00e9gies contentieuses en droit de l&#039;environnement - efb.fr\" \/>\n<meta property=\"og:description\" content=\"S\u00e9ance 01 : - Ma\u00eetriser la proc\u00e9dure des divers r\u00e9f\u00e9r\u00e9s - Comprendre les strat\u00e9gies \u00e0 adopter S\u00e9ance 02 : - Identifier les dossiers dans lesquels utiliser une expertise - Savoir en faire un atout contentieux S\u00e9ance 03 : - Savoir pr\u00e9parer des dossiers avec des CJIP - Ma\u00eetriser les particularit\u00e9s du droit p\u00e9nal de l&#039;environnement S\u00e9ance 04 : - Ma\u00eetriser la port\u00e9e de l&#039;obligation de diligence raisonnable - Conna\u00eetre le cadre juridique et sa mise en \u0153uvre concernant le contentieux des ressources naturelles S\u00e9ance 05 : - Comprendre les enjeux d\u00e9coulant de la r\u00e9glementation applicables sur les d\u00e9chets - Acqu\u00e9rir les r\u00e9flexes pratiques en mati\u00e8re contentieuse S\u00e9ance 06 : - Conna\u00eetre les derni\u00e8res \u00e9volutions en mati\u00e8re d&#039;ICPE et savoir les mobiliser S\u00e9ance 07 : - Comprendre l&#039;\u00e9tendue du droit climatique - Savoir mobiliser son application S\u00e9ance 08 : - Ma\u00eetriser le recours \u00e0 la m\u00e9diation en droit de l&#039;environnement\" \/>\n<meta property=\"og:url\" content=\"https:\/\/wpvit.efb.fr\/index.php\/acf_formation\/cycle-qualifiant-les-strategies-contentieuses-en-droit-de-lenvironnement-3\/\" \/>\n<meta property=\"og:site_name\" content=\"efb.fr\" \/>\n<meta property=\"article:modified_time\" content=\"2026-04-29T18:30:22+00:00\" \/>\n<meta name=\"twitter:card\" content=\"summary_large_image\" \/>\n<script type=\"application\/ld+json\" class=\"yoast-schema-graph\">{\"@context\":\"https:\\\/\\\/schema.org\",\"@graph\":[{\"@type\":\"WebPage\",\"@id\":\"https:\\\/\\\/wpvit.efb.fr\\\/index.php\\\/acf_formation\\\/cycle-qualifiant-les-strategies-contentieuses-en-droit-de-lenvironnement-3\\\/\",\"url\":\"https:\\\/\\\/wpvit.efb.fr\\\/index.php\\\/acf_formation\\\/cycle-qualifiant-les-strategies-contentieuses-en-droit-de-lenvironnement-3\\\/\",\"name\":\"Cycle qualifiant - Les strat\u00e9gies contentieuses en droit de l'environnement - efb.fr\",\"isPartOf\":{\"@id\":\"https:\\\/\\\/wpvit.efb.fr\\\/#website\"},\"datePublished\":\"2025-12-17T23:00:00+00:00\",\"dateModified\":\"2026-04-29T18:30:22+00:00\",\"breadcrumb\":{\"@id\":\"https:\\\/\\\/wpvit.efb.fr\\\/index.php\\\/acf_formation\\\/cycle-qualifiant-les-strategies-contentieuses-en-droit-de-lenvironnement-3\\\/#breadcrumb\"},\"inLanguage\":\"fr-FR\",\"potentialAction\":[{\"@type\":\"ReadAction\",\"target\":[\"https:\\\/\\\/wpvit.efb.fr\\\/index.php\\\/acf_formation\\\/cycle-qualifiant-les-strategies-contentieuses-en-droit-de-lenvironnement-3\\\/\"]}]},{\"@type\":\"BreadcrumbList\",\"@id\":\"https:\\\/\\\/wpvit.efb.fr\\\/index.php\\\/acf_formation\\\/cycle-qualifiant-les-strategies-contentieuses-en-droit-de-lenvironnement-3\\\/#breadcrumb\",\"itemListElement\":[{\"@type\":\"ListItem\",\"position\":1,\"name\":\"Accueil\",\"item\":\"https:\\\/\\\/wpvit.efb.fr\\\/\"},{\"@type\":\"ListItem\",\"position\":2,\"name\":\"Cycle qualifiant &#8211; Les strat\u00e9gies contentieuses en droit de l&rsquo;environnement\"}]},{\"@type\":\"WebSite\",\"@id\":\"https:\\\/\\\/wpvit.efb.fr\\\/#website\",\"url\":\"https:\\\/\\\/wpvit.efb.fr\\\/\",\"name\":\"EFB\",\"description\":\"\",\"publisher\":{\"@id\":\"https:\\\/\\\/wpvit.efb.fr\\\/#organization\"},\"potentialAction\":[{\"@type\":\"SearchAction\",\"target\":{\"@type\":\"EntryPoint\",\"urlTemplate\":\"https:\\\/\\\/wpvit.efb.fr\\\/?s={search_term_string}\"},\"query-input\":{\"@type\":\"PropertyValueSpecification\",\"valueRequired\":true,\"valueName\":\"search_term_string\"}}],\"inLanguage\":\"fr-FR\"},{\"@type\":\"Organization\",\"@id\":\"https:\\\/\\\/wpvit.efb.fr\\\/#organization\",\"name\":\"\u00c9cole de formation professionnelle des barreaux du ressort de la cour d\u2019appel de Paris (EFB)\",\"alternateName\":\"\u00c9cole de Formation des Barreaux (EFB)\",\"url\":\"https:\\\/\\\/wpvit.efb.fr\\\/\",\"logo\":{\"@type\":\"ImageObject\",\"inLanguage\":\"fr-FR\",\"@id\":\"https:\\\/\\\/wpvit.efb.fr\\\/#\\\/schema\\\/logo\\\/image\\\/\",\"url\":\"https:\\\/\\\/wpvit.efb.fr\\\/wp-content\\\/uploads\\\/2024\\\/10\\\/cropped-Logo-EFB-2023_fond-transparent_mail.png\",\"contentUrl\":\"https:\\\/\\\/wpvit.efb.fr\\\/wp-content\\\/uploads\\\/2024\\\/10\\\/cropped-Logo-EFB-2023_fond-transparent_mail.png\",\"width\":638,\"height\":282,\"caption\":\"\u00c9cole de formation professionnelle des barreaux du ressort de la cour d\u2019appel de Paris (EFB)\"},\"image\":{\"@id\":\"https:\\\/\\\/wpvit.efb.fr\\\/#\\\/schema\\\/logo\\\/image\\\/\"}}]}<\/script>\n<!-- \/ Yoast SEO plugin. -->","yoast_head_json":{"title":"Cycle qualifiant - Les strat\u00e9gies contentieuses en droit de l'environnement - efb.fr","robots":{"index":"noindex","follow":"follow"},"og_locale":"fr_FR","og_type":"article","og_title":"Cycle qualifiant - Les strat\u00e9gies contentieuses en droit de l'environnement - efb.fr","og_description":"S\u00e9ance 01 : - Ma\u00eetriser la proc\u00e9dure des divers r\u00e9f\u00e9r\u00e9s - Comprendre les strat\u00e9gies \u00e0 adopter S\u00e9ance 02 : - Identifier les dossiers dans lesquels utiliser une expertise - Savoir en faire un atout contentieux S\u00e9ance 03 : - Savoir pr\u00e9parer des dossiers avec des CJIP - Ma\u00eetriser les particularit\u00e9s du droit p\u00e9nal de l'environnement S\u00e9ance 04 : - Ma\u00eetriser la port\u00e9e de l'obligation de diligence raisonnable - Conna\u00eetre le cadre juridique et sa mise en \u0153uvre concernant le contentieux des ressources naturelles S\u00e9ance 05 : - Comprendre les enjeux d\u00e9coulant de la r\u00e9glementation applicables sur les d\u00e9chets - Acqu\u00e9rir les r\u00e9flexes pratiques en mati\u00e8re contentieuse S\u00e9ance 06 : - Conna\u00eetre les derni\u00e8res \u00e9volutions en mati\u00e8re d'ICPE et savoir les mobiliser S\u00e9ance 07 : - Comprendre l'\u00e9tendue du droit climatique - Savoir mobiliser son application S\u00e9ance 08 : - Ma\u00eetriser le recours \u00e0 la m\u00e9diation en droit de l'environnement","og_url":"https:\/\/wpvit.efb.fr\/index.php\/acf_formation\/cycle-qualifiant-les-strategies-contentieuses-en-droit-de-lenvironnement-3\/","og_site_name":"efb.fr","article_modified_time":"2026-04-29T18:30:22+00:00","twitter_card":"summary_large_image","schema":{"@context":"https:\/\/schema.org","@graph":[{"@type":"WebPage","@id":"https:\/\/wpvit.efb.fr\/index.php\/acf_formation\/cycle-qualifiant-les-strategies-contentieuses-en-droit-de-lenvironnement-3\/","url":"https:\/\/wpvit.efb.fr\/index.php\/acf_formation\/cycle-qualifiant-les-strategies-contentieuses-en-droit-de-lenvironnement-3\/","name":"Cycle qualifiant - Les strat\u00e9gies contentieuses en droit de l'environnement - efb.fr","isPartOf":{"@id":"https:\/\/wpvit.efb.fr\/#website"},"datePublished":"2025-12-17T23:00:00+00:00","dateModified":"2026-04-29T18:30:22+00:00","breadcrumb":{"@id":"https:\/\/wpvit.efb.fr\/index.php\/acf_formation\/cycle-qualifiant-les-strategies-contentieuses-en-droit-de-lenvironnement-3\/#breadcrumb"},"inLanguage":"fr-FR","potentialAction":[{"@type":"ReadAction","target":["https:\/\/wpvit.efb.fr\/index.php\/acf_formation\/cycle-qualifiant-les-strategies-contentieuses-en-droit-de-lenvironnement-3\/"]}]},{"@type":"BreadcrumbList","@id":"https:\/\/wpvit.efb.fr\/index.php\/acf_formation\/cycle-qualifiant-les-strategies-contentieuses-en-droit-de-lenvironnement-3\/#breadcrumb","itemListElement":[{"@type":"ListItem","position":1,"name":"Accueil","item":"https:\/\/wpvit.efb.fr\/"},{"@type":"ListItem","position":2,"name":"Cycle qualifiant &#8211; Les strat\u00e9gies contentieuses en droit de l&rsquo;environnement"}]},{"@type":"WebSite","@id":"https:\/\/wpvit.efb.fr\/#website","url":"https:\/\/wpvit.efb.fr\/","name":"EFB","description":"","publisher":{"@id":"https:\/\/wpvit.efb.fr\/#organization"},"potentialAction":[{"@type":"SearchAction","target":{"@type":"EntryPoint","urlTemplate":"https:\/\/wpvit.efb.fr\/?s={search_term_string}"},"query-input":{"@type":"PropertyValueSpecification","valueRequired":true,"valueName":"search_term_string"}}],"inLanguage":"fr-FR"},{"@type":"Organization","@id":"https:\/\/wpvit.efb.fr\/#organization","name":"\u00c9cole de formation professionnelle des barreaux du ressort de la cour d\u2019appel de Paris (EFB)","alternateName":"\u00c9cole de Formation des Barreaux (EFB)","url":"https:\/\/wpvit.efb.fr\/","logo":{"@type":"ImageObject","inLanguage":"fr-FR","@id":"https:\/\/wpvit.efb.fr\/#\/schema\/logo\/image\/","url":"https:\/\/wpvit.efb.fr\/wp-content\/uploads\/2024\/10\/cropped-Logo-EFB-2023_fond-transparent_mail.png","contentUrl":"https:\/\/wpvit.efb.fr\/wp-content\/uploads\/2024\/10\/cropped-Logo-EFB-2023_fond-transparent_mail.png","width":638,"height":282,"caption":"\u00c9cole de formation professionnelle des barreaux du ressort de la cour d\u2019appel de Paris (EFB)"},"image":{"@id":"https:\/\/wpvit.efb.fr\/#\/schema\/logo\/image\/"}}]}},"_links":{"self":[{"href":"https:\/\/wpvit.efb.fr\/index.php\/wp-json\/wp\/v2\/acf_formation\/41984","targetHints":{"allow":["GET"]}}],"collection":[{"href":"https:\/\/wpvit.efb.fr\/index.php\/wp-json\/wp\/v2\/acf_formation"}],"about":[{"href":"https:\/\/wpvit.efb.fr\/index.php\/wp-json\/wp\/v2\/types\/acf_formation"}],"version-history":[{"count":0,"href":"https:\/\/wpvit.efb.fr\/index.php\/wp-json\/wp\/v2\/acf_formation\/41984\/revisions"}],"wp:attachment":[{"href":"https:\/\/wpvit.efb.fr\/index.php\/wp-json\/wp\/v2\/media?parent=41984"}],"wp:term":[{"taxonomy":"theme_formation","embeddable":true,"href":"https:\/\/wpvit.efb.fr\/index.php\/wp-json\/wp\/v2\/theme_formation?post=41984"}],"curies":[{"name":"wp","href":"https:\/\/api.w.org\/{rel}","templated":true}]}}

Cycle qualifiant &#8211; Les stratégies contentieuses en droit de l&rsquo;environnement

<p>Séance 01 :<br />
&#8211; Maîtriser la procédure des divers référés<br />
&#8211; Comprendre les stratégies à adopter</p>
<p>Séance 02 :<br />
&#8211; Identifier les dossiers dans lesquels utiliser une expertise<br />
&#8211; Savoir en faire un atout contentieux</p>
<p>Séance 03 :<br />
&#8211; Savoir préparer des dossiers avec des CJIP<br />
&#8211; Maîtriser les particularités du droit pénal de l&rsquo;environnement</p>
<p>Séance 04 :<br />
&#8211; Maîtriser la portée de l&rsquo;obligation de diligence raisonnable<br />
&#8211; Connaître le cadre juridique et sa mise en œuvre concernant le contentieux des ressources naturelles</p>
<p>Séance 05 :<br />
&#8211; Comprendre les enjeux découlant de la réglementation applicables sur les déchets<br />
&#8211; Acquérir les réflexes pratiques en matière contentieuse</p>
<p>Séance 06 :<br />
&#8211; Connaître les dernières évolutions en matière d&rsquo;ICPE et savoir les mobiliser</p>
<p>Séance 07 :<br />
&#8211; Comprendre l&rsquo;étendue du droit climatique<br />
&#8211; Savoir mobiliser son application</p>
<p>Séance 08 :<br />
&#8211; Maîtriser le recours à la médiation en droit de l&rsquo;environnement</p>

<!-- This site is optimized with the Yoast SEO plugin v27.4 - https://yoast.com/product/yoast-seo-wordpress/ -->
<title>Cycle qualifiant - Les stratégies contentieuses en droit de l&#039;environnement - efb.fr</title>
<meta name="robots" content="noindex, follow" />
<meta property="og:locale" content="fr_FR" />
<meta property="og:type" content="article" />
<meta property="og:title" content="Cycle qualifiant - Les stratégies contentieuses en droit de l&#039;environnement - efb.fr" />
<meta property="og:description" content="Séance 01 : - Maîtriser la procédure des divers référés - Comprendre les stratégies à adopter Séance 02 : - Identifier les dossiers dans lesquels utiliser une expertise - Savoir en faire un atout contentieux Séance 03 : - Savoir préparer des dossiers avec des CJIP - Maîtriser les particularités du droit pénal de l&#039;environnement Séance 04 : - Maîtriser la portée de l&#039;obligation de diligence raisonnable - Connaître le cadre juridique et sa mise en œuvre concernant le contentieux des ressources naturelles Séance 05 : - Comprendre les enjeux découlant de la réglementation applicables sur les déchets - Acquérir les réflexes pratiques en matière contentieuse Séance 06 : - Connaître les dernières évolutions en matière d&#039;ICPE et savoir les mobiliser Séance 07 : - Comprendre l&#039;étendue du droit climatique - Savoir mobiliser son application Séance 08 : - Maîtriser le recours à la médiation en droit de l&#039;environnement" />
<meta property="og:url" content="https://wpvit.efb.fr/index.php/acf_formation/cycle-qualifiant-les-strategies-contentieuses-en-droit-de-lenvironnement-3/" />
<meta property="og:site_name" content="efb.fr" />
<meta property="article:modified_time" content="2026-04-29T18:30:22+00:00" />
<meta name="twitter:card" content="summary_large_image" />
<script type="application/ld+json" class="yoast-schema-graph">{"@context":"https:\/\/schema.org","@graph":[{"@type":"WebPage","@id":"https:\/\/wpvit.efb.fr\/index.php\/acf_formation\/cycle-qualifiant-les-strategies-contentieuses-en-droit-de-lenvironnement-3\/","url":"https:\/\/wpvit.efb.fr\/index.php\/acf_formation\/cycle-qualifiant-les-strategies-contentieuses-en-droit-de-lenvironnement-3\/","name":"Cycle qualifiant - Les stratégies contentieuses en droit de l'environnement - efb.fr","isPartOf":{"@id":"https:\/\/wpvit.efb.fr\/#website"},"datePublished":"2025-12-17T23:00:00+00:00","dateModified":"2026-04-29T18:30:22+00:00","breadcrumb":{"@id":"https:\/\/wpvit.efb.fr\/index.php\/acf_formation\/cycle-qualifiant-les-strategies-contentieuses-en-droit-de-lenvironnement-3\/#breadcrumb"},"inLanguage":"fr-FR","potentialAction":[{"@type":"ReadAction","target":["https:\/\/wpvit.efb.fr\/index.php\/acf_formation\/cycle-qualifiant-les-strategies-contentieuses-en-droit-de-lenvironnement-3\/"]}]},{"@type":"BreadcrumbList","@id":"https:\/\/wpvit.efb.fr\/index.php\/acf_formation\/cycle-qualifiant-les-strategies-contentieuses-en-droit-de-lenvironnement-3\/#breadcrumb","itemListElement":[{"@type":"ListItem","position":1,"name":"Accueil","item":"https:\/\/wpvit.efb.fr\/"},{"@type":"ListItem","position":2,"name":"Cycle qualifiant &#8211; Les stratégies contentieuses en droit de l&rsquo;environnement"}]},{"@type":"WebSite","@id":"https:\/\/wpvit.efb.fr\/#website","url":"https:\/\/wpvit.efb.fr\/","name":"EFB","description":"","publisher":{"@id":"https:\/\/wpvit.efb.fr\/#organization"},"potentialAction":[{"@type":"SearchAction","target":{"@type":"EntryPoint","urlTemplate":"https:\/\/wpvit.efb.fr\/?s={search_term_string}"},"query-input":{"@type":"PropertyValueSpecification","valueRequired":true,"valueName":"search_term_string"}}],"inLanguage":"fr-FR"},{"@type":"Organization","@id":"https:\/\/wpvit.efb.fr\/#organization","name":"École de formation professionnelle des barreaux du ressort de la cour d’appel de Paris (EFB)","alternateName":"École de Formation des Barreaux (EFB)","url":"https:\/\/wpvit.efb.fr\/","logo":{"@type":"ImageObject","inLanguage":"fr-FR","@id":"https:\/\/wpvit.efb.fr\/#\/schema\/logo\/image\/","url":"https:\/\/wpvit.efb.fr\/wp-content\/uploads\/2024\/10\/cropped-Logo-EFB-2023_fond-transparent_mail.png","contentUrl":"https:\/\/wpvit.efb.fr\/wp-content\/uploads\/2024\/10\/cropped-Logo-EFB-2023_fond-transparent_mail.png","width":638,"height":282,"caption":"École de formation professionnelle des barreaux du ressort de la cour d’appel de Paris (EFB)"},"image":{"@id":"https:\/\/wpvit.efb.fr\/#\/schema\/logo\/image\/"}}]}</script>
<!-- / Yoast SEO plugin. -->

Cycle qualifiant - Les stratégies contentieuses en droit de l'environnement - efb.fr

Séance 01 : - Maîtriser la procédure des divers référés - Comprendre les stratégies à adopter Séance 02 : - Identifier les dossiers dans lesquels utiliser une expertise - Savoir en faire un atout contentieux Séance 03 : - Savoir préparer des dossiers avec des CJIP - Maîtriser les particularités du droit pénal de l'environnement Séance 04 : - Maîtriser la portée de l'obligation de diligence raisonnable - Connaître le cadre juridique et sa mise en œuvre concernant le contentieux des ressources naturelles Séance 05 : - Comprendre les enjeux découlant de la réglementation applicables sur les déchets - Acquérir les réflexes pratiques en matière contentieuse Séance 06 : - Connaître les dernières évolutions en matière d'ICPE et savoir les mobiliser Séance 07 : - Comprendre l'étendue du droit climatique - Savoir mobiliser son application Séance 08 : - Maîtriser le recours à la médiation en droit de l'environnement

École de formation professionnelle des barreaux du ressort de la cour d’appel de Paris (EFB)

École de Formation des Barreaux (EFB)
